{"id":3812,"date":"2019-04-04T22:59:40","date_gmt":"2019-04-04T20:59:40","guid":{"rendered":"http:\/\/urbefoto.com\/?page_id=3812"},"modified":"2024-10-07T08:43:53","modified_gmt":"2024-10-07T06:43:53","slug":"senderos","status":"publish","type":"page","link":"https:\/\/urbefoto.com\/?page_id=3812","title":{"rendered":"Senderos"},"content":{"rendered":"\n<p>Un sendero es ese camino que se abre principalmente por el reiterado tr\u00e1nsito de personas o animales. Gracias a la repetici\u00f3n se crea una huella temporal en el paisaje, una muesca. <br>Si olvidamos el camino la marca desaparece, la naturaleza despliega sus ramas y la pista se pierde. Encontrar una senda y aceptar su invitaci\u00f3n a pasear hacia lo desconocido es reencontrarnos con la parte \u00edntima de una naturaleza a veces salvaje. <\/p>\n\n\n\n<div style=\"height:20px\" aria-hidden=\"true\" class=\"wp-block-spacer\"><\/div>\n\n\n\n<figure class=\"wp-block-gallery has-nested-images columns-2 is-cropped wp-block-gallery-1 is-layout-flex wp-block-gallery-is-layout-flex\">\n<figure class=\"wp-block-image size-full\"><a href=\"https:\/\/urbefoto.com\/wp-content\/uploads\/2019\/03\/Senda_1-1.jpg\"><img loading=\"lazy\" decoding=\"async\" width=\"1000\" height=\"667\" data-id=\"3820\" src=\"https:\/\/urbefoto.com\/wp-content\/uploads\/2019\/03\/Senda_1-1.jpg\" alt=\"\" class=\"wp-image-3820\" srcset=\"https:\/\/urbefoto.com\/wp-content\/uploads\/2019\/03\/Senda_1-1.jpg 1000w, https:\/\/urbefoto.com\/wp-content\/uploads\/2019\/03\/Senda_1-1-200x133.jpg 200w, https:\/\/urbefoto.com\/wp-content\/uploads\/2019\/03\/Senda_1-1-600x400.jpg 600w, https:\/\/urbefoto.com\/wp-content\/uploads\/2019\/03\/Senda_1-1-768x512.jpg 768w, https:\/\/urbefoto.com\/wp-content\/uploads\/2019\/03\/Senda_1-1-830x554.jpg 830w, https:\/\/urbefoto.com\/wp-content\/uploads\/2019\/03\/Senda_1-1-675x450.jpg 675w\" sizes=\"auto, (max-width: 1000px) 100vw, 1000px\" \/><\/a><\/figure>\n\n\n\n<figure class=\"wp-block-image size-full\"><a href=\"https:\/\/urbefoto.com\/wp-content\/uploads\/2019\/03\/MG_6081-1-1.jpg\"><img loading=\"lazy\" decoding=\"async\" width=\"1000\" height=\"667\" data-id=\"3813\" src=\"https:\/\/urbefoto.com\/wp-content\/uploads\/2019\/03\/MG_6081-1-1.jpg\" alt=\"\" class=\"wp-image-3813\" srcset=\"https:\/\/urbefoto.com\/wp-content\/uploads\/2019\/03\/MG_6081-1-1.jpg 1000w, https:\/\/urbefoto.com\/wp-content\/uploads\/2019\/03\/MG_6081-1-1-200x133.jpg 200w, https:\/\/urbefoto.com\/wp-content\/uploads\/2019\/03\/MG_6081-1-1-600x400.jpg 600w, https:\/\/urbefoto.com\/wp-content\/uploads\/2019\/03\/MG_6081-1-1-768x512.jpg 768w, https:\/\/urbefoto.com\/wp-content\/uploads\/2019\/03\/MG_6081-1-1-830x554.jpg 830w, https:\/\/urbefoto.com\/wp-content\/uploads\/2019\/03\/MG_6081-1-1-675x450.jpg 675w\" sizes=\"auto, (max-width: 1000px) 100vw, 1000px\" \/><\/a><\/figure>\n\n\n\n<figure class=\"wp-block-image size-full\"><a href=\"https:\/\/urbefoto.com\/wp-content\/uploads\/2019\/03\/MG_6104-1.jpg\"><img loading=\"lazy\" decoding=\"async\" width=\"1000\" height=\"667\" data-id=\"3814\" src=\"https:\/\/urbefoto.com\/wp-content\/uploads\/2019\/03\/MG_6104-1.jpg\" alt=\"\" class=\"wp-image-3814\" srcset=\"https:\/\/urbefoto.com\/wp-content\/uploads\/2019\/03\/MG_6104-1.jpg 1000w, https:\/\/urbefoto.com\/wp-content\/uploads\/2019\/03\/MG_6104-1-200x133.jpg 200w, https:\/\/urbefoto.com\/wp-content\/uploads\/2019\/03\/MG_6104-1-600x400.jpg 600w, https:\/\/urbefoto.com\/wp-content\/uploads\/2019\/03\/MG_6104-1-768x512.jpg 768w, https:\/\/urbefoto.com\/wp-content\/uploads\/2019\/03\/MG_6104-1-830x554.jpg 830w, https:\/\/urbefoto.com\/wp-content\/uploads\/2019\/03\/MG_6104-1-675x450.jpg 675w\" sizes=\"auto, (max-width: 1000px) 100vw, 1000px\" \/><\/a><\/figure>\n\n\n\n<figure class=\"wp-block-image size-full\"><a href=\"https:\/\/urbefoto.com\/wp-content\/uploads\/2019\/03\/Senda_1-5-1.jpg\"><img loading=\"lazy\" decoding=\"async\" width=\"1000\" height=\"667\" data-id=\"3818\" src=\"https:\/\/urbefoto.com\/wp-content\/uploads\/2019\/03\/Senda_1-5-1.jpg\" alt=\"\" class=\"wp-image-3818\" srcset=\"https:\/\/urbefoto.com\/wp-content\/uploads\/2019\/03\/Senda_1-5-1.jpg 1000w, https:\/\/urbefoto.com\/wp-content\/uploads\/2019\/03\/Senda_1-5-1-200x133.jpg 200w, https:\/\/urbefoto.com\/wp-content\/uploads\/2019\/03\/Senda_1-5-1-600x400.jpg 600w, https:\/\/urbefoto.com\/wp-content\/uploads\/2019\/03\/Senda_1-5-1-768x512.jpg 768w, https:\/\/urbefoto.com\/wp-content\/uploads\/2019\/03\/Senda_1-5-1-830x554.jpg 830w, https:\/\/urbefoto.com\/wp-content\/uploads\/2019\/03\/Senda_1-5-1-675x450.jpg 675w\" sizes=\"auto, (max-width: 1000px) 100vw, 1000px\" \/><\/a><\/figure>\n\n\n\n<figure class=\"wp-block-image size-full\"><a href=\"https:\/\/urbefoto.com\/wp-content\/uploads\/2019\/03\/Senda_1-7-1.jpg\"><img loading=\"lazy\" decoding=\"async\" width=\"1000\" height=\"665\" data-id=\"3819\" src=\"https:\/\/urbefoto.com\/wp-content\/uploads\/2019\/03\/Senda_1-7-1.jpg\" alt=\"\" class=\"wp-image-3819\" srcset=\"https:\/\/urbefoto.com\/wp-content\/uploads\/2019\/03\/Senda_1-7-1.jpg 1000w, https:\/\/urbefoto.com\/wp-content\/uploads\/2019\/03\/Senda_1-7-1-200x133.jpg 200w, https:\/\/urbefoto.com\/wp-content\/uploads\/2019\/03\/Senda_1-7-1-600x399.jpg 600w, https:\/\/urbefoto.com\/wp-content\/uploads\/2019\/03\/Senda_1-7-1-768x511.jpg 768w, https:\/\/urbefoto.com\/wp-content\/uploads\/2019\/03\/Senda_1-7-1-830x552.jpg 830w, https:\/\/urbefoto.com\/wp-content\/uploads\/2019\/03\/Senda_1-7-1-677x450.jpg 677w\" sizes=\"auto, (max-width: 1000px) 100vw, 1000px\" \/><\/a><\/figure>\n\n\n\n<figure class=\"wp-block-image size-full\"><a href=\"https:\/\/urbefoto.com\/wp-content\/uploads\/2019\/03\/Senda_1-4-1.jpg\"><img loading=\"lazy\" decoding=\"async\" width=\"1000\" height=\"667\" data-id=\"3817\" src=\"https:\/\/urbefoto.com\/wp-content\/uploads\/2019\/03\/Senda_1-4-1.jpg\" alt=\"\" class=\"wp-image-3817\" srcset=\"https:\/\/urbefoto.com\/wp-content\/uploads\/2019\/03\/Senda_1-4-1.jpg 1000w, https:\/\/urbefoto.com\/wp-content\/uploads\/2019\/03\/Senda_1-4-1-200x133.jpg 200w, https:\/\/urbefoto.com\/wp-content\/uploads\/2019\/03\/Senda_1-4-1-600x400.jpg 600w, https:\/\/urbefoto.com\/wp-content\/uploads\/2019\/03\/Senda_1-4-1-768x512.jpg 768w, https:\/\/urbefoto.com\/wp-content\/uploads\/2019\/03\/Senda_1-4-1-830x554.jpg 830w, https:\/\/urbefoto.com\/wp-content\/uploads\/2019\/03\/Senda_1-4-1-675x450.jpg 675w\" sizes=\"auto, (max-width: 1000px) 100vw, 1000px\" \/><\/a><\/figure>\n\n\n\n<figure class=\"wp-block-image size-full\"><a href=\"https:\/\/urbefoto.com\/wp-content\/uploads\/2019\/03\/Senda_1-1-1.jpg\"><img loading=\"lazy\" decoding=\"async\" width=\"1000\" height=\"667\" data-id=\"3815\" src=\"https:\/\/urbefoto.com\/wp-content\/uploads\/2019\/03\/Senda_1-1-1.jpg\" alt=\"\" class=\"wp-image-3815\" srcset=\"https:\/\/urbefoto.com\/wp-content\/uploads\/2019\/03\/Senda_1-1-1.jpg 1000w, https:\/\/urbefoto.com\/wp-content\/uploads\/2019\/03\/Senda_1-1-1-200x133.jpg 200w, https:\/\/urbefoto.com\/wp-content\/uploads\/2019\/03\/Senda_1-1-1-600x400.jpg 600w, https:\/\/urbefoto.com\/wp-content\/uploads\/2019\/03\/Senda_1-1-1-768x512.jpg 768w, https:\/\/urbefoto.com\/wp-content\/uploads\/2019\/03\/Senda_1-1-1-830x554.jpg 830w, https:\/\/urbefoto.com\/wp-content\/uploads\/2019\/03\/Senda_1-1-1-675x450.jpg 675w\" sizes=\"auto, (max-width: 1000px) 100vw, 1000px\" \/><\/a><\/figure>\n\n\n\n<figure class=\"wp-block-image size-full\"><a href=\"https:\/\/urbefoto.com\/wp-content\/uploads\/2019\/03\/Senda_1-3-1.jpg\"><img loading=\"lazy\" decoding=\"async\" width=\"1000\" height=\"667\" data-id=\"3816\" src=\"https:\/\/urbefoto.com\/wp-content\/uploads\/2019\/03\/Senda_1-3-1.jpg\" alt=\"\" class=\"wp-image-3816\" srcset=\"https:\/\/urbefoto.com\/wp-content\/uploads\/2019\/03\/Senda_1-3-1.jpg 1000w, https:\/\/urbefoto.com\/wp-content\/uploads\/2019\/03\/Senda_1-3-1-200x133.jpg 200w, https:\/\/urbefoto.com\/wp-content\/uploads\/2019\/03\/Senda_1-3-1-600x400.jpg 600w, https:\/\/urbefoto.com\/wp-content\/uploads\/2019\/03\/Senda_1-3-1-768x512.jpg 768w, https:\/\/urbefoto.com\/wp-content\/uploads\/2019\/03\/Senda_1-3-1-830x554.jpg 830w, https:\/\/urbefoto.com\/wp-content\/uploads\/2019\/03\/Senda_1-3-1-675x450.jpg 675w\" sizes=\"auto, (max-width: 1000px) 100vw, 1000px\" \/><\/a><\/figure>\n\n\n\n<figure class=\"wp-block-image size-full\"><a href=\"https:\/\/urbefoto.com\/wp-content\/uploads\/2019\/04\/MG_6290-1.jpg\"><img loading=\"lazy\" decoding=\"async\" width=\"1000\" height=\"667\" data-id=\"3853\" src=\"https:\/\/urbefoto.com\/wp-content\/uploads\/2019\/04\/MG_6290-1.jpg\" alt=\"\" class=\"wp-image-3853\" srcset=\"https:\/\/urbefoto.com\/wp-content\/uploads\/2019\/04\/MG_6290-1.jpg 1000w, https:\/\/urbefoto.com\/wp-content\/uploads\/2019\/04\/MG_6290-1-200x133.jpg 200w, https:\/\/urbefoto.com\/wp-content\/uploads\/2019\/04\/MG_6290-1-600x400.jpg 600w, https:\/\/urbefoto.com\/wp-content\/uploads\/2019\/04\/MG_6290-1-768x512.jpg 768w, https:\/\/urbefoto.com\/wp-content\/uploads\/2019\/04\/MG_6290-1-830x554.jpg 830w, https:\/\/urbefoto.com\/wp-content\/uploads\/2019\/04\/MG_6290-1-675x450.jpg 675w\" sizes=\"auto, (max-width: 1000px) 100vw, 1000px\" \/><\/a><\/figure>\n<\/figure>\n\n\n\n<div style=\"height:40px\" aria-hidden=\"true\" class=\"wp-block-spacer\"><\/div>\n\n\n\n<p class=\"has-text-color has-background\" style=\"color:#777777;background-color:#ededed\">No se permite la reproducci\u00f3n, publicaci\u00f3n o reubicaci\u00f3n de ning\u00fan contenido de este sitio sin un permiso expreso previo por escrito. Por favor use el formulario de contacto para m\u00e1s informaci\u00f3n. <\/p>\n","protected":false},"excerpt":{"rendered":"<p>Un sendero es ese camino que se abre principalmente por el reiterado tr\u00e1nsito de personas o animales. Gracias a la repetici\u00f3n se crea una huella temporal en el paisaje, una muesca. Si olvidamos el camino la marca desaparece, la naturaleza despliega sus ramas y la pista se pierde. Encontrar una senda y aceptar su invitaci\u00f3n a pasear hacia lo desconocido es reencontrarnos con la parte \u00edntima de una naturaleza a veces salvaje. No se permite la reproducci\u00f3n, publicaci\u00f3n o reubicaci\u00f3n de ning\u00fan contenido de este sitio sin un permiso expreso previo por escrito. Por favor use el formulario de contacto para m\u00e1s informaci\u00f3n.<\/p>\n","protected":false},"author":2,"featured_media":0,"parent":0,"menu_order":0,"comment_status":"closed","ping_status":"closed","template":"","meta":{"footnotes":""},"class_list":["post-3812","page","type-page","status-publish","hentry"],"_links":{"self":[{"href":"https:\/\/urbefoto.com\/index.php?rest_route=\/wp\/v2\/pages\/3812","targetHints":{"allow":["GET"]}}],"collection":[{"href":"https:\/\/urbefoto.com\/index.php?rest_route=\/wp\/v2\/pages"}],"about":[{"href":"https:\/\/urbefoto.com\/index.php?rest_route=\/wp\/v2\/types\/page"}],"author":[{"embeddable":true,"href":"https:\/\/urbefoto.com\/index.php?rest_route=\/wp\/v2\/users\/2"}],"replies":[{"embeddable":true,"href":"https:\/\/urbefoto.com\/index.php?rest_route=%2Fwp%2Fv2%2Fcomments&post=3812"}],"version-history":[{"count":15,"href":"https:\/\/urbefoto.com\/index.php?rest_route=\/wp\/v2\/pages\/3812\/revisions"}],"predecessor-version":[{"id":25402,"href":"https:\/\/urbefoto.com\/index.php?rest_route=\/wp\/v2\/pages\/3812\/revisions\/25402"}],"wp:attachment":[{"href":"https:\/\/urbefoto.com\/index.php?rest_route=%2Fwp%2Fv2%2Fmedia&parent=3812"}],"curies":[{"name":"wp","href":"https:\/\/api.w.org\/{rel}","templated":true}]}}

<p>Un sendero es ese camino que se abre principalmente por el reiterado tránsito de personas o animales. Gracias a la repetición se crea una huella temporal en el paisaje, una muesca. <br>Si olvidamos el camino la marca desaparece, la naturaleza despliega sus ramas y la pista se pierde. Encontrar una senda y aceptar su invitación a pasear hacia lo desconocido es reencontrarnos con la parte íntima de una naturaleza a veces salvaje. </p>



<div style="height:20px" aria-hidden="true" class="wp-block-spacer"></div>



<figure class="wp-block-gallery has-nested-images columns-2 is-cropped wp-block-gallery-1 is-layout-flex wp-block-gallery-is-layout-flex">
<figure class="wp-block-image size-full"><a href="https://urbefoto.com/wp-content/uploads/2019/03/Senda_1-1.jpg"><img loading="lazy" decoding="async" width="1000" height="667" data-id="3820" src="https://urbefoto.com/wp-content/uploads/2019/03/Senda_1-1.jpg" alt="" class="wp-image-3820" srcset="https://urbefoto.com/wp-content/uploads/2019/03/Senda_1-1.jpg 1000w, https://urbefoto.com/wp-content/uploads/2019/03/Senda_1-1-200x133.jpg 200w, https://urbefoto.com/wp-content/uploads/2019/03/Senda_1-1-600x400.jpg 600w, https://urbefoto.com/wp-content/uploads/2019/03/Senda_1-1-768x512.jpg 768w, https://urbefoto.com/wp-content/uploads/2019/03/Senda_1-1-830x554.jpg 830w, https://urbefoto.com/wp-content/uploads/2019/03/Senda_1-1-675x450.jpg 675w" sizes="auto, (max-width: 1000px) 100vw, 1000px" /></a></figure>



<figure class="wp-block-image size-full"><a href="https://urbefoto.com/wp-content/uploads/2019/03/MG_6081-1-1.jpg"><img loading="lazy" decoding="async" width="1000" height="667" data-id="3813" src="https://urbefoto.com/wp-content/uploads/2019/03/MG_6081-1-1.jpg" alt="" class="wp-image-3813" srcset="https://urbefoto.com/wp-content/uploads/2019/03/MG_6081-1-1.jpg 1000w, https://urbefoto.com/wp-content/uploads/2019/03/MG_6081-1-1-200x133.jpg 200w, https://urbefoto.com/wp-content/uploads/2019/03/MG_6081-1-1-600x400.jpg 600w, https://urbefoto.com/wp-content/uploads/2019/03/MG_6081-1-1-768x512.jpg 768w, https://urbefoto.com/wp-content/uploads/2019/03/MG_6081-1-1-830x554.jpg 830w, https://urbefoto.com/wp-content/uploads/2019/03/MG_6081-1-1-675x450.jpg 675w" sizes="auto, (max-width: 1000px) 100vw, 1000px" /></a></figure>



<figure class="wp-block-image size-full"><a href="https://urbefoto.com/wp-content/uploads/2019/03/MG_6104-1.jpg"><img loading="lazy" decoding="async" width="1000" height="667" data-id="3814" src="https://urbefoto.com/wp-content/uploads/2019/03/MG_6104-1.jpg" alt="" class="wp-image-3814" srcset="https://urbefoto.com/wp-content/uploads/2019/03/MG_6104-1.jpg 1000w, https://urbefoto.com/wp-content/uploads/2019/03/MG_6104-1-200x133.jpg 200w, https://urbefoto.com/wp-content/uploads/2019/03/MG_6104-1-600x400.jpg 600w, https://urbefoto.com/wp-content/uploads/2019/03/MG_6104-1-768x512.jpg 768w, https://urbefoto.com/wp-content/uploads/2019/03/MG_6104-1-830x554.jpg 830w, https://urbefoto.com/wp-content/uploads/2019/03/MG_6104-1-675x450.jpg 675w" sizes="auto, (max-width: 1000px) 100vw, 1000px" /></a></figure>



<figure class="wp-block-image size-full"><a href="https://urbefoto.com/wp-content/uploads/2019/03/Senda_1-5-1.jpg"><img loading="lazy" decoding="async" width="1000" height="667" data-id="3818" src="https://urbefoto.com/wp-content/uploads/2019/03/Senda_1-5-1.jpg" alt="" class="wp-image-3818" srcset="https://urbefoto.com/wp-content/uploads/2019/03/Senda_1-5-1.jpg 1000w, https://urbefoto.com/wp-content/uploads/2019/03/Senda_1-5-1-200x133.jpg 200w, https://urbefoto.com/wp-content/uploads/2019/03/Senda_1-5-1-600x400.jpg 600w, https://urbefoto.com/wp-content/uploads/2019/03/Senda_1-5-1-768x512.jpg 768w, https://urbefoto.com/wp-content/uploads/2019/03/Senda_1-5-1-830x554.jpg 830w, https://urbefoto.com/wp-content/uploads/2019/03/Senda_1-5-1-675x450.jpg 675w" sizes="auto, (max-width: 1000px) 100vw, 1000px" /></a></figure>



<figure class="wp-block-image size-full"><a href="https://urbefoto.com/wp-content/uploads/2019/03/Senda_1-7-1.jpg"><img loading="lazy" decoding="async" width="1000" height="665" data-id="3819" src="https://urbefoto.com/wp-content/uploads/2019/03/Senda_1-7-1.jpg" alt="" class="wp-image-3819" srcset="https://urbefoto.com/wp-content/uploads/2019/03/Senda_1-7-1.jpg 1000w, https://urbefoto.com/wp-content/uploads/2019/03/Senda_1-7-1-200x133.jpg 200w, https://urbefoto.com/wp-content/uploads/2019/03/Senda_1-7-1-600x399.jpg 600w, https://urbefoto.com/wp-content/uploads/2019/03/Senda_1-7-1-768x511.jpg 768w, https://urbefoto.com/wp-content/uploads/2019/03/Senda_1-7-1-830x552.jpg 830w, https://urbefoto.com/wp-content/uploads/2019/03/Senda_1-7-1-677x450.jpg 677w" sizes="auto, (max-width: 1000px) 100vw, 1000px" /></a></figure>



<figure class="wp-block-image size-full"><a href="https://urbefoto.com/wp-content/uploads/2019/03/Senda_1-4-1.jpg"><img loading="lazy" decoding="async" width="1000" height="667" data-id="3817" src="https://urbefoto.com/wp-content/uploads/2019/03/Senda_1-4-1.jpg" alt="" class="wp-image-3817" srcset="https://urbefoto.com/wp-content/uploads/2019/03/Senda_1-4-1.jpg 1000w, https://urbefoto.com/wp-content/uploads/2019/03/Senda_1-4-1-200x133.jpg 200w, https://urbefoto.com/wp-content/uploads/2019/03/Senda_1-4-1-600x400.jpg 600w, https://urbefoto.com/wp-content/uploads/2019/03/Senda_1-4-1-768x512.jpg 768w, https://urbefoto.com/wp-content/uploads/2019/03/Senda_1-4-1-830x554.jpg 830w, https://urbefoto.com/wp-content/uploads/2019/03/Senda_1-4-1-675x450.jpg 675w" sizes="auto, (max-width: 1000px) 100vw, 1000px" /></a></figure>



<figure class="wp-block-image size-full"><a href="https://urbefoto.com/wp-content/uploads/2019/03/Senda_1-1-1.jpg"><img loading="lazy" decoding="async" width="1000" height="667" data-id="3815" src="https://urbefoto.com/wp-content/uploads/2019/03/Senda_1-1-1.jpg" alt="" class="wp-image-3815" srcset="https://urbefoto.com/wp-content/uploads/2019/03/Senda_1-1-1.jpg 1000w, https://urbefoto.com/wp-content/uploads/2019/03/Senda_1-1-1-200x133.jpg 200w, https://urbefoto.com/wp-content/uploads/2019/03/Senda_1-1-1-600x400.jpg 600w, https://urbefoto.com/wp-content/uploads/2019/03/Senda_1-1-1-768x512.jpg 768w, https://urbefoto.com/wp-content/uploads/2019/03/Senda_1-1-1-830x554.jpg 830w, https://urbefoto.com/wp-content/uploads/2019/03/Senda_1-1-1-675x450.jpg 675w" sizes="auto, (max-width: 1000px) 100vw, 1000px" /></a></figure>



<figure class="wp-block-image size-full"><a href="https://urbefoto.com/wp-content/uploads/2019/03/Senda_1-3-1.jpg"><img loading="lazy" decoding="async" width="1000" height="667" data-id="3816" src="https://urbefoto.com/wp-content/uploads/2019/03/Senda_1-3-1.jpg" alt="" class="wp-image-3816" srcset="https://urbefoto.com/wp-content/uploads/2019/03/Senda_1-3-1.jpg 1000w, https://urbefoto.com/wp-content/uploads/2019/03/Senda_1-3-1-200x133.jpg 200w, https://urbefoto.com/wp-content/uploads/2019/03/Senda_1-3-1-600x400.jpg 600w, https://urbefoto.com/wp-content/uploads/2019/03/Senda_1-3-1-768x512.jpg 768w, https://urbefoto.com/wp-content/uploads/2019/03/Senda_1-3-1-830x554.jpg 830w, https://urbefoto.com/wp-content/uploads/2019/03/Senda_1-3-1-675x450.jpg 675w" sizes="auto, (max-width: 1000px) 100vw, 1000px" /></a></figure>



<figure class="wp-block-image size-full"><a href="https://urbefoto.com/wp-content/uploads/2019/04/MG_6290-1.jpg"><img loading="lazy" decoding="async" width="1000" height="667" data-id="3853" src="https://urbefoto.com/wp-content/uploads/2019/04/MG_6290-1.jpg" alt="" class="wp-image-3853" srcset="https://urbefoto.com/wp-content/uploads/2019/04/MG_6290-1.jpg 1000w, https://urbefoto.com/wp-content/uploads/2019/04/MG_6290-1-200x133.jpg 200w, https://urbefoto.com/wp-content/uploads/2019/04/MG_6290-1-600x400.jpg 600w, https://urbefoto.com/wp-content/uploads/2019/04/MG_6290-1-768x512.jpg 768w, https://urbefoto.com/wp-content/uploads/2019/04/MG_6290-1-830x554.jpg 830w, https://urbefoto.com/wp-content/uploads/2019/04/MG_6290-1-675x450.jpg 675w" sizes="auto, (max-width: 1000px) 100vw, 1000px" /></a></figure>
</figure>



<div style="height:40px" aria-hidden="true" class="wp-block-spacer"></div>



<p class="has-text-color has-background" style="color:#777777;background-color:#ededed">No se permite la reproducción, publicación o reubicación de ningún contenido de este sitio sin un permiso expreso previo por escrito. Por favor use el formulario de contacto para más información. </p>

<p>Un sendero es ese camino que se abre principalmente por el reiterado tránsito de personas o animales. Gracias a la repetición se crea una huella temporal en el paisaje, una muesca. Si olvidamos el camino la marca desaparece, la naturaleza despliega sus ramas y la pista se pierde. Encontrar una senda y aceptar su invitación a pasear hacia lo desconocido es reencontrarnos con la parte íntima de una naturaleza a veces salvaje. No se permite la reproducción, publicación o reubicación de ningún contenido de este sitio sin un permiso expreso previo por escrito. Por favor use el formulario de contacto para más información.</p>
